 be r(-2). Let j(x) = -16*x**3 + x**2 - x + 2. Let a be j(v). Suppose 6*p = 10*p - a. What is the units digit of p?
4
Let x = -1705 - -3046. What is the hundreds digit of x?
3
Let n = 2650 + -387. What is the tens digit of n?
6
Let g be (3 - 0 - 4) + 3. Suppose 2*c - g = 0, f + 0 - 1 = -c. What is the tens digit of 2*(-44)/(-4) + f?
2
Let l be (-108)/10*15/(-6). Suppose 2*y - 25 - l = 0. What is the units digit of y?
6
Let y = -679 + 1096. What is the units digit of y?
7
Suppose -4*b = -13 + 5. Suppose -b*k + 24 + 64 = 4*p, -p + 4*k = -4. What is the tens digit of p?
2
Let j(l) = l**3 - l + 33. Let w be ((-2)/(-4))/((-2)/56). Let h = w + 14. What is the tens digit of j(h)?
3
Let m = -4 - -3. Let j(f) = 61*f**2 + f. What is the tens digit of j(m)?
6
Let p(x) = -10*x**3 + 5*x**2 + x. What is the tens digit of p(-1)?
1
Let b = 3 + -3. Suppose b = -11*w + 10*w + 19. What is the tens digit of w?
1
Let g = 48 - 118. Let x = 167 + g. What is the units digit of x?
7
Let u(c) be the first derivative of c**5/120 + c**4/8 - c**3/3 - 3. Let d(s) be the third derivative of u(s). What is the tens digit of d(10)?
1
Suppose u + 3*g = 180, g - 4*g + 357 = 2*u. Let m = u - 6. What is the units digit of m?
1
Suppose 0 = -2*b - 1 + 3. Let h be (2/8*2)/((-10)/(-160)). Let l = h - b. What is the units digit of l?
7
Let r(k) = -k + 1 + 3*k + k**2 + 2*k. Let u be r(8). Suppose -m - u = -5*n - 5*m, -3*m - 59 = -4*n. What is the units digit of n?
7
Suppose 116*t - 109*t - 7252 = 0. What is the units digit of t?
6
Let n(z) = 2*z + z - 5 - 2*z. Let v be n(8). Suppose 2*m - 27 = 5*i, 45 = 4*m - v*i - 2. What is the units digit of m?
1
Let k(x) = -x**3 - 16*x**2 - 29*x - 10. What is the tens digit of k(-16)?
5
Suppose -p = 2*n + 2*n + 15, 0 = 5*p - n + 12. Suppose 4*h + 213 = 37. What is the tens digit of (-4 - (p + 0))*h?
4
Let a = -1032 - -2153. What is the tens digit of a?
2
Let g(o) = 14*o**2 + 8*o + 11. Let q(m) = 13*m**2 + 7*m + 10. Let v(h) = -2*g(h) + 3*q(h). What is the units digit of v(-4)?
4
Let y = -137 - -316. Suppose 193 = 3*l - y. What is the tens digit of l?
2
Let p = 4097 + -1216. What is the thousands digit of p?
2
What is the hundreds digit of 1/((-10)/(-22150)) - 8?
2
Suppose 3*p - 1 = 4*y, 3*p + 3*y - 5 = 10. Suppose -3*o - o + 62 = 2*f, p*o = 5*f - 181. What is the tens digit of f?
3
What is the hundreds digit of (-25905)/10*(-12)/18?
7
Let m(n) = 4*n**3 - 31*n**2 + 13*n + 15. What is the tens digit of m(9)?
3
Let r = 682 - -2020. What is the tens digit of r?
0
Suppose 32*z = 67*z - 24815. What is the hundreds digit of z?
7
Suppose 3*u + 770 + 22 = 0. Let i = u + 376. What is the units digit of i?
2
Let h(k) = -k**2 - 6*k + 11. Let j be 26/(-4) - (-11)/(-22). What is the units digit of h(j)?
4
Let x = -11 - -14. Let u = x - -2. Suppose u*d + 39 = 8*d. What is the tens digit of d?
1
Suppose 2*o - 6 = -3*c + 10, 5*o = -5. What is the units digit of (4 + 184/12)*c?
6
Let c = -30 + 31. Let a = c - -59. What is the tens digit of a?
6
Suppose 4*d - b + 140 = -22, 4*d + 5*b + 150 = 0. Let a = d - -43. What is the units digit of a?
3
Suppose 56*r = 62*r - 7458. What is the units digit of r?
3
Let t = 174 - 121. Suppose g - 32 = 5*o, 4*o + t = 4*g - o. Let l = 14 - g. What is the units digit of l?
7
Suppose 3*v - q + 4*q - 156 = 0, -4*v - 2*q = -210. Let o = v + 103. What is the units digit of o?
6
Suppose -3*x - n = -4615, x = 2*n + 551 + 978. What is the hundreds digit of x?
5
Let m(f) = 2*f**3 - 101*f**2 - 121*f - 43. What is the units digit of m(52)?
7
Suppose -4*h + 24 = 12. Suppose 3*y + 3*t - 462 = 2*t, h*y - t = 468. What is the units digit of y?
5
Let q(n) = 29*n**2 + 9*n + 44. What is the units digit of q(-8)?
8
Let k = 33 - 24. Suppose k*f = 8*f + 31. What is the tens digit of f?
3
Let x = 25 - 25. Suppose x = 8*s - 10*s + 128. What is the tens digit of s?
6
Let c be (-8)/60 + (-2)/(-15). Suppose -3*m = -c*m - 15. Let f = m + -4. What is the units digit of f?
1
Let y = -134 + 124. Let x(f) = 11 + 2*f**3 + 10*f**2 - 3 - f**3 - 3*f. What is the tens digit of x(y)?
3
Suppose 3*z - k - 420 = 0, -46*z = -49*z + 2*k + 423. What is the tens digit of z?
3
Let k = 0 + 2. Let l be (31/(-3))/(k/(-12)). Suppose -11 = -u + s + 9, 4*s + l = 3*u. What is the tens digit of u?
1
Let m(y) = -y**3 + y**2 - 2*y - 31. Let a be m(0). Let v = 21 - a. What is the tens digit of v?
5
Let t(p) = p**2 - 5*p + 15 + 12*p - 6. Let m be t(-6). What is the units digit of (-2*1)/(m/(-21))?
4
Suppose 31 = 4*d - 13. Let x = d + 0. What is the tens digit of x?
1
Let q(z) = 4*z**2 - 7*z - 1. Let r be q(3). Let b(i) = -3 + 12 - 14*i + 3*i**2 - 2*i**2. What is the units digit of b(r)?
9
Suppose -28 = 5*d - d. Let h(q) be the third derivative of q**5/60 + q**4/4 - 5*q**3/6 + 104*q**2. What is the units digit of h(d)?
2
Let d(a) = -10*a + 2172. What is the tens digit of d(0)?
7
Let u = 473 - 460. Let b = -9 + 31. Let k = b + u. What is the tens digit of k?
3
Let z(v) = 4*v - 2. Let x be z(1). Let y(q) = 2*q + 7*q + x*q**2 - 3*q**2 - q. What is the tens digit of y(4)?
1
Let a(i) = 48*i**2 - 39*i + 28. What is the thousands digit of a(5)?
1
Suppose 3*p + 2*p + 40 = 0. Let r = p + 12. What is the tens digit of (r - 8 - -3)*-67?
6
Suppose 2*o - o = k + 391, 0 = k + 2. What is the tens digit of o?
8
Suppose -531 = -2*q - 2*o + 205, -4*o = 3*q - 1099. What is the units digit of q?
3
Suppose -5*n - 3*l = -0*l + 60, 0 = 2*n - 5*l + 24. Let s = n + 37. What is the units digit of s?
5
Let r = 20 + -54. Let l be 9 - r - (-4)/(-1). Suppose 5*p - l = 6. What is the units digit of p?
9
Suppose 2*a - 7*i + 5*i - 278 = 0, -4*a - i = -561. Let w(v) = v**2 - 3*v + 3. Let p be w(4). Suppose -3*k = -p*k + a. What is the tens digit of k?
3
Suppose 30261 - 7741 = 10*m. What is the hundreds digit of m?
2
Suppose -3*a = -4*n + 2534, -102 - 539 = -n - 3*a. Let d = n + -366. What is the tens digit of d?
6
Suppose -2*k = 0, 5*r + 0*k = -4*k + 40. Suppose 4*x - r*x = -28. Let o(m) = m**2 - 5*m + 4. What is the units digit of o(x)?
8
Let t = -6 - -8. Suppose t*j = 6*j - 208. What is the units digit of 3/(-12)*0 + j?
2
Let i = -1405 - -2734. What is the units digit of i?
9
Suppose 7*b + 124 - 978 = 0. Let x = b - 73. What is the units digit of x?
9
Suppose -16 = -4*m - 4. Suppose 16 = 2*i - m*p, 0 = -i - 0*p - 5*p + 8. What is the units digit of i?
8
Let a = -33 - -15. Let n be (-10)/(3 + 56/a). Suppose 0*w = 3*b - 3*w - n, 56 = 2*b - 4*w. What is the units digit of b?
2
Suppose -2*j + 4099 = -3801. What is the hundreds digit of j/16 - 6/(-48)?
2
Suppose l - 8 = -9. Let b(d) = -17*d**3 + d**2 - d - 1. What is the tens digit of b(l)?
1
Let g(w) be the first derivative of 9*w**2 + 15*w - 11. What is the units digit of g(7)?
1
Let z be (-356)/30 + 14/(-105). Let k = z + 31. What is the units digit of k?
9
Suppose -3*l + 447 + 590 = q, 5*l = 2*q + 1743. What is the hundreds digit of l?
3
Let i be 11 + -14 - 932/(-2). Suppose -1656 - i = -13*x. What is the hundreds digit of x?
1
Let v = 1257 - 620. What is the tens digit of v?
3
Let i = 2 - 9. Let a be (2/i)/((-3)/21). Suppose d = a*m + 37, d - 5*m - 8 = 38. What is the tens digit of d?
3
Let a = -326 - -601. What is the hundreds digit of a?
2
Let u(o) = o**3 + 11*o**2 - 13*o - 9. Let i be u(-12). Suppose -v + i*p = -26, p = -4*v - 30 + 121. What is the tens digit of v?
2
What is the hundreds digit of (3/2)/((-6)/(-10364))?
5
Let g(u) = 3910*u**3 - 28*u**2 + 28*u. What is the hundreds digit of g(1)?
9
Suppose 5*c - 204003 = -52*c. What is the thousands digit of c?
3
Suppose -h + 1 = 2. Let v be (1 + h + -1)*0. Suppose -4*a + 9*a - 255 = v. What is the tens digit of a?
5
Suppose -4*m = f + 98, 3*f = -f - m - 317. What is the units digit of (f/5)/(0 - (-1)/(-5))?
8
Let r(a) be the third derivative of 0 - 3*a**2 + 0*a - 13/24*a**4 - 7/6*a**3. What is the units digit of r(-4)?
5
What is the tens digit of (-34)/221 - (1 + 114510/(-39))?
3
Suppose -2*h + 7*h + 44 = 4*f, 0 = -f + 4*h + 22. Let t be f/36 - 22/(-12). Suppose -32 - 18 = -t*w. What is the units digit of w?
5
Suppose i = -3*g + 4411, 4*g + 10*i = 5*i + 5863. What is the tens digit of g?
7
Suppose -3*b = -4*n - 19 - 24, 2*b + n - 25 = 0. Suppose -9*j - 456 = -b*j. What is the units digit of j?
4
Suppose 2*h = -l + 6